 w = -2 + d. What are the prime factors of w?
3
List the prime factors of 1/(4/(-224)*-2).
2, 7
Suppose 3*n - 3*f - 6 = 0, 0 = -3*n - 2*f + 6. Suppose 4*v = -2*x + 14, -3*x - n*v + 14 = -x. List the prime factors of x.
7
Let b be (-10)/(-25)*-11*(-5 + 0). Suppose 3*w + r + 0*r + 39 = 0, -5*w - 65 = 3*r. Let c = b + w. List the prime factors of c.
3
Suppose -o - 13 = 3*j - 0*o, j + 3*o + 15 = 0. Let l be 2/6 + (-152)/j. Suppose -2*c + 45 = -5*s, 2*c + 16 = 3*s + l. List the prime factors of c.
2, 5
Let q be (-24)/(-11) - 4/22. What are the prime factors of 1 - 1 - (q - 6)?
2
Let g be 6*(-3)/((-3)/(-4)). Let q be 2 + (7 - 1) + -1. List the prime factors of (g/(-14))/(1/q).
2, 3
Suppose -2*x - 2*x = 160. List the prime factors of (x - -2)*(-2)/4.
19
Suppose 14 = 2*f + 2*y, -2*y - 4 + 14 = 0. List the prime factors of (-10)/25*(-12 + f).
2
Let g(l) = -3*l - 3. Let q be g(-2). Suppose 4*k - 2*k = q*n + 2, 5*n + 4*k = -18. Let f = n - -5. List the prime factors of f.
3
What are the prime factors of (-2457)/(-52) + (-6)/(-8)?
2, 3
Let b be 0 + (-43 - (3 - 0)). Let t = b - -75. List the prime factors of t.
29
Let c be ((-2)/(-7))/(1/7). Suppose c*o + 58 = 4*o. List the prime factors of o.
29
Suppose 32*d - 26*d - 948 = 0. What are the prime factors of d?
2, 79
Suppose 31*y + 955 = 36*y. What are the prime factors of y?
191
Let v(h) = -5*h**3 - 2*h**2 - 2*h - 2. Let a(s) = -84*s**3 - 35*s**2 - 35*s - 35. Let d(b) = 2*a(b) - 35*v(b). List the prime factors of d(1).
7
Let m be -2 + 2 + (1 - -49). Suppose 217 = 5*q - b, 2*q + m = 3*q + 2*b. Suppose -5*p - 14 = -q. What are the prime factors of p?
2, 3
Suppose 4*a - 8 = 5*r, r + 2*a + 10 = 7*a. Let c(x) = -x + 8. Let i be c(r). What are the prime factors of (6/i)/(1/12)?
3
Suppose -5*s - 14 + 144 = 0. What are the prime factors of s?
2, 13
Suppose k - 6*k - 5*x = -1045, 2*x - 1039 = -5*k. What are the prime factors of k?
3, 23
Let r(v) = -25*v - 2. List the prime factors of r(-1).
23
List the prime factors of ((-30)/(-25))/((-4)/(-30)).
3
Suppose -3*y + 2*r + 3 = -2*y, 2*y + 1 = -3*r. Let i(m) = m**2 + 2*m - 1. Let n be i(2). Suppose x + y = n. List the prime factors of x.
2, 3
Let m(q) = 3*q**3 + 2*q**2 - 1. Suppose -x + l + 1 = -2, 4*l = -8. Let u be m(x). Suppose -3*t - 8 = -u*t. List the prime factors of t.
2
Suppose 0 = -8*o + 7*o + 96. What are the prime factors of o?
2, 3
Suppose 0 = -8*h + 4*h + 16. Let f = -4 - -8. Suppose -4*q - 28 = -h*a, -a - q = f*q - 25. List the prime factors of a.
2, 5
Suppose 99 + 88 = 4*g - 3*u, 5*u - 15 = 0. List the prime factors of g.
7
Let s(m) = m + 4. Let t be -2 + (-2*1 - -4). Let o be s(t). Suppose 0 = -o*g + 2*n + 38, -g + 9 = 2*g + 5*n. List the prime factors of g.
2
Suppose 11 = 4*m + l - 18, -4*m + l = -19. What are the prime factors of m?
2, 3
Let u(x) = x**2 + x + 1. What are the prime factors of u(2)?
7
List the prime factors of (-3 + 1)/(4/(-38)).
19
Suppose -5*l + 74 = -41. What are the prime factors of l?
23
Let r(c) = c**3 + 4*c**2 - 4*c - 7. What are the prime factors of r(-3)?
2, 7
Let v be -72*1/(2/(-1)). Suppose 0*x = x - v. List the prime factors of x.
2, 3
Let i = 0 + -5. Suppose p + 0*r - 26 = -3*r, 0 = -p - 4*r + 31. Let f = p + i. List the prime factors of f.
2, 3
List the prime factors of (1 - -184) + -4 - -1.
2, 7, 13
Let q = -26 + 77. List the prime factors of q.
3, 17
What are the prime factors of (-5)/(-5)*1*53?
53
Suppose 28 = -0*j + 4*j. Let u(z) = -z**3 - 2*z**2 - 2*z - 1. Let k(h) = h**3 + h**2 + 2*h. Let a(l) = j*k(l) + 6*u(l). What are the prime factors of a(5)?
2
Suppose 0 = -8*x + 9*x - 70. What are the prime factors of x?
2, 5, 7
Suppose 0 = -2*y + 5*d + 90 + 210, -2*y + 340 = 5*d. What are the prime factors of y?
2, 5
Let q = -43 - -84. List the prime factors of q.
41
Let m = -451 - -666. List the prime factors of m.
5, 43
Let j(i) = i**3 - i**2 - 4. Let f be ((-6)/10)/(1/(-5)). Let g be j(f). Suppose g*b - 9*b = 95. What are the prime factors of b?
19
Suppose -4*l = -8*l - 8. What are the prime factors of 0/l - (2 + -7)?
5
Suppose -4*q - 2 - 6 = 0. Let l be (-9 + 4)*2/(-2). What are the prime factors of ((-2)/(-1))/q + l?
2
Suppose k - 3 = 0, -4*k - 9 = -3*j - 3. List the prime factors of (-2)/3 + 88/j.
2, 7
Let p = 10 + 12. Let w = p - 13. What are the prime factors of w?
3
Let u(h) = -29*h**2 + h. Let i be u(1). Let p = -20 - i. List the prime factors of p.
2
Let r(y) = 2*y**2 + y - 1. Let a be (-28)/12 + (-2)/(-6). Let m = a - 0. List the prime factors of r(m).
5
Let r = 104 - -167. List the prime factors of r.
271
Suppose 0*m - 5*m + 30 = 3*w, -2*m + 11 = w. What are the prime factors of ((-7)/w)/(3/(-15))?
7
Suppose 5 = 2*u - 1. Let f(l) be the first derivative of 2*l**2 + 2. What are the prime factors of f(u)?
2, 3
Suppose -111 = -q - 6. Suppose 40 = 5*z - q. What are the prime factors of z?
29
Let r be -2*((-21)/6 - -2). Let b(m) be the first derivative of 2*m**3/3 - m**2/2 - 3*m + 2. List the prime factors of b(r).
2, 3
Suppose -l - 12 = 3*l. Let m be -1*l/3*-3. Let k = 0 - m. List the prime factors of k.
3
Let s = 34 + -18. List the prime factors of s.
2
Let o(k) = k**2 - 6*k + 12. What are the prime factors of o(5)?
7
Suppose 5*a = 11 - 1. Let i be a - -44 - (0 - 3). Suppose -s + 5 = n, 5*s - i = 2*n + n. What are the prime factors of s?
2
Suppose 36 = 2*x - 5*a, x + 0*a - 5*a - 8 = 0. List the prime factors of x.
2, 7
Suppose 2*t - 43 = 4*z - 187, 0 = 5*z + 2*t - 198. List the prime factors of z.
2, 19
Suppose 0*c - 2*m = -2*c + 318, -c - 2*m + 165 = 0. List the prime factors of c.
7, 23
Let t(b) = 2*b**2 + 3*b - 2*b + 5 - 6*b - 1. Let r be t(3). Let g = r + 1. List the prime factors of g.
2
Suppose 6*h - 917 = -5*k + 4*h, 3*h + 729 = 4*k. List the prime factors of k.
3, 61
Let t be (1 + (-4)/6)*9. Suppose -2*h - 4 = -t*h. Suppose h*o = -0*o + 16. What are the prime factors of o?
2
Let s = 1 - -6. Let d = s - 12. List the prime factors of d + 2 + 2 + 7.
2, 3
Suppose i + 4*i - 5 = 0. Let g(r) = -4 + 5 + r + 0. List the prime factors of g(i).
2
Let w = 21 - 3. Let j = 27 - w. List the prime factors of j.
3
Let d = -2 + 5. What are the prime factors of d?
3
Let i = -1 - -7. Suppose 5*w + 7 = -3*h, -6 = 2*h - 4*w - 38. Suppose h = 4*f - i. List the prime factors of f.
3
Let r = 0 - 2. Let w = 1 - 0. List the prime factors of w/r + 92/8.
11
Let c(o) = -3*o**3 - 3*o**2 + 8*o + 12. List the prime factors of c(-4).
2, 31
Suppose -20 = -7*i + 3*i. Suppose -y + 2*y = 5*w + 6, -59 = -i*y - 4*w. Suppose y = 2*j + 3. List the prime factors of j.
2
Suppose 0 = -6*l - l + 1960. What are the prime factors of l?
2, 5, 7
Let m = 102 - 7. List the prime factors of m.
5, 19
Let n = 14 + 0. What are the prime factors of (-2)/7 + 186/n?
13
Let v = 340 - 184. What are the prime factors of v?
2, 3, 13
Suppose -h = -2*n - 102, 5*h - n - 2*n = 538. List the prime factors of h.
2, 5, 11
List the prime factors of (-53)/(-2) - 6/12.
2, 13
Let m = -22 - -16. Let v(p) = -p**2 - 8*p - 4. List the prime factors of v(m).
2
Let f = 130 + -89. List the prime factors of f.
41
Suppose -2*h = -3*w + 10, -2 = w - 2*h - 12. Suppose 5*u - 172 + 7 = w. What are the prime factors of u?
3, 11
Let r(s) = -2*s + 3 + 6*s - 2*s. Let y(d) = -4*d - 5. Let u(c) = -5*r(c) - 3*y(c). What are the prime factors of u(6)?
2, 3
Let n(b) = 18*b - 13. What are the prime factors of n(5)?
7, 11
Let c = 133 - 85. List the prime factors of c.
2, 3
Let x(z) = 2*z**2 + 2*z - 2. Let a be x(-3). Let l = a + -6. List the prime factors of l.
2
Suppose -6 = -2*a - 4*r - 2, -r = 3*a - 11. Suppose a*v = 2*v + 28. What are the prime factors of v?
2, 7
Let z(s) = 7*s**2 - s + 2. Let o be z(2). Suppose -24 = -4*j + o. List the prime factors of j.
13
Let a(f) = f - 9. Let x be a(10). Let m(u) = 13*u - 2. What are the prime factors of m(x)?
11
Let b(g) = 9*g**3 + 2*g**2 - g + 1. Let v be b(-2). Let z = -37 - v. Suppose 8 = -2*x + z. List the prime factors of x.
2
Let c(f) = -f**2 - 9*f - 3. Let s be c(-9). Let l = s + 6. Suppose -24 = -6*z + l*z. List the prime factors of z.
2
Suppose 5*i - 5*l + 420 = 105, i - 3*l + 67 = 0. Let s = -30 - i. List the prime factors of s.
31
Let g be (-3 + 1)*3/6. List the prime factors of (40/25)/(g/(-5)).
2
Let w(x) = x - 14. Let d be w(9). Let h = 10 - d. 